
Let p(d) = 16543*d - 1108381. Give p(67).
0
Let t(w) = -w**2 + 346*w + 8098. Give t(-22).
2
Let h(s) = 2*s**3 - 14*s**2 - 39259*s + 196394. Give h(5).
-1
Let n(q) = -18430*q - 534509. Determine n(-29).
-39
Let z(i) = -i**2 + 317*i + 9379. Determine z(356).
-4505
Let i(c) = -25*c**2 + 897*c + 313. Give i(35).
1083
Let y(c) = 504*c + 31715. Calculate y(-63).
-37
Let q(b) = 4*b**3 - 36*b**2 + 31*b + 1. Calculate q(8).
-7
Let d(q) = -10*q**3 - 162*q**2 - 22*q + 34. Determine d(-16).
-126
Let g(m) = -m**2 - 2391*m - 61525. What is g(-26)?
-35
Let v(o) = -1889*o + 1770. Determine v(1).
-119
Let b(z) = -42*z**3 - 463*z**2 - 70*z - 608. Calculate b(-11).
41
Let b(s) = 704*s - 35228. Give b(50).
-28
Let w(d) = 72*d**2 + 696*d - 32. Calculate w(-10).
208
Let j(n) = n**3 + 150*n**2 - 4750*n - 742. Give j(27).
41
Let o(c) = c**3 + 35*c**2 - 51*c - 661. Give o(-36).
-121
Let r(v) = -v**2 - 301*v - 7052. Give r(-26).
98
Let f(h) = 3*h**2 - 320*h + 350. Give f(105).
-175
Let i(y) = 154*y**2 - 36498*y + 9. Determine i(237).
9
Let i(q) = 22*q**2 - 25*q - 604. Determine i(-8).
1004
Let m(r) = 16*r - 1659. What is m(96)?
-123
Let z(u) = 5*u**2 + 228*u - 157. Calculate z(-49).
676
Let x(j) = 2*j**2 - 1652*j - 1843042. What is x(-632)?
-130
Let t(h) = -15193*h - 3904508. Give t(-257).
93
Let r(y) = 196264*y + 2158900. Determine r(-11).
-4
Let l(z) = -z**3 + 1080*z**2 - 8658*z + 87892. Determine l(1072).
-12
Let p(i) = -456*i + 25637. Determine p(56).
101
Let x(p) = -4*p**3 + 91*p**2 - 114*p + 3083. Give x(23).
-68
Let s(w) = -791*w - 26952. What is s(-34)?
-58
Let p(o) = -o**2 - 5878*o + 29447. Calculate p(5).
32
Let m(l) = l**3 - 63*l**2 + 574*l - 4754. Determine m(54).
-2
Let n(f) = -9*f**3 - 2*f**2 + 292*f - 549. Calculate n(2).
-45
Let z(v) = -207*v + 3548. Calculate z(16).
236
Let q(a) = -492*a**2 - 4109*a - 1382. Calculate q(-8).
2
Let u(t) = -t**2 - 183*t + 88. Give u(-183).
88
Let w(q) = 408*q - 1369. Give w(5).
671
Let r(q) = q**2 + 667747*q - 3338754. Determine r(5).
6
Let f(p) = 198*p - 10782. Calculate f(54).
-90
Let y(j) = -133290*j + 1732889. Calculate y(13).
119
Let s(r) = 2*r**3 + 6*r**2 - 3*r - 24. Calculate s(5).
361
Let c(f) = 5*f**3 + 41*f**2 - 61*f - 598. What is c(-9)?
-373
Let b(a) = -a**3 + 54*a**2 - 51*a + 9409. Determine b(56).
281
Let m(j) = 1296*j + 11299. Calculate m(-9).
-365
Let z(p) = -3*p**2 - 13655*p - 527992. Determine z(-39).
-10
Let n(v) = -v**3 - 64*v**2 - 436*v + 673. Give n(-56).
1
Let g(y) = 111*y**3 + 5*y**2 + 46*y + 75. Calculate g(-2).
-885
Let c(j) = 3121*j + 37330. Determine c(-12).
-122
Let x(i) = 46*i**2 - 2600*i - 5379. Determine x(-2).
5
Let y(a) = -a**2 + 56*a + 37229. What is y(-167)?
-12
Let a(g) = g**2 - 169*g + 5727. Give a(132).
843
Let n(q) = -2*q**2 - 11500*q - 91883. Determine n(-8).
-11
Let v(x) = -12121*x + 96967. Calculate v(8).
-1
Let b(i) = -6*i**3 + 320*i**2 + 6016*i - 2179. What is b(68)?
-3
Let p(b) = 35960*b + 72341. Give p(-2).
421
Let f(n) = -4*n**2 + 1463*n - 19353. Give f(352).
7
Let h(b) = b**3 + 218*b**2 + 848*b - 1593. Calculate h(-214).
119
Let r(q) = -q**2 + 10*q + 238. Determine r(-5).
163
Let g(w) = -90*w + 3352. What is g(53)?
-1418
Let y(m) = -12*m**3 + 397*m**2 + 9*m + 119. What is y(33)?
1505
Let h(r) = -5723*r + 5253. What is h(1)?
-470
Let h(w) = 38*w - 7443. Calculate h(206).
385
Let j(k) = 7*k**3 - 268*k**2 + 60*k + 616. Determine j(38).
8
Let b(l) = 4777*l - 9024. What is b(1)?
-4247
Let c(n) = -9*n**2 + 3746*n - 7500. Give c(2).
-44
Let l(y) = 816*y + 44855. Give l(-55).
-25
Let q(x) = -25*x**2 - 428*x + 4238. What is q(7)?
17
Let o(z) = 22*z**2 - 1406*z - 181. Determine o(64).
-53
Let v(t) = t**3 + 96*t**2 - 657*t + 47. What is v(7)?
495
Let n(h) = -h**2 + 2*h - 1923. Give n(38).
-3291
Let u(k) = -2*k**3 + 359*k**2 - 1253*k - 65. Give u(176).
-3761
Let c(f) = -4536*f + 13200. What is c(3)?
-408
Let x(b) = -b**3 + 133*b**2 - 3916*b + 8544. Calculate x(91).
-10
Let a(b) = 21543*b - 969461. Determine a(45).
-26
Let c(m) = -m**2 + 6142*m - 520817. Give c(86).
-1
Let m(v) = 9*v**3 - 3043*v**2 - 2430*v - 95598. What is m(339)?
0
Let k(g) = 57341*g - 1376195. Give k(24).
-11
Let d(v) = -5593*v - 11192. Determine d(-2).
-6
Let p(o) = 1548*o**2 + 34075*o + 417. Determine p(-22).
-1
Let a(c) = c**3 + 638*c**2 - 4503*c - 151. Give a(7).
-67
Let p(d) = -6*d**2 - 668*d + 26. What is p(-112)?
-422
Let q(l) = 39*l**2 + 194*l - 226. Give q(1).
7
Let v(r) = 151*r - 2977. Calculate v(23).
496
Let d(l) = l**2 + 57*l - 48848. Calculate d(-252).
292
Let n(z) = 5960*z + 77472. Determine n(-13).
-8
Let b(h) = 2880*h + 8697. Give b(-3).
57
Let z(v) = -123*v**3 + 6*v**2 + 207*v - 420. Give z(2).
-966
Let j(n) = 800*n**2 - 130399*n - 149. Give j(163).
14
Let v(s) = -s**3 - 5*s**2 - 514*s - 4935. What is v(-9)?
15
Let d(u) = 16*u**3 + 1393*u**2 + 106*u + 1653. Determine d(-87).
0
Let n(k) = -4*k**3 + 6*k**2 + 68*k - 300. What is n(5)?
-310
Let p(m) = 12693*m - 50777. What is p(4)?
-5
Let l(t) = -107*t**2 + 76925*t + 5723. Calculate l(719).
-29
Let z(m) = -11*m**2 - 2820*m - 2821. Calculate z(-1).
-12
Let v(s) = -11047*s - 66309. Calculate v(-6).
-27
Let b(y) = 109*y**3 - 206312*y**2 - 47323*y - 3793. Give b(1893).
-7
Let u(i) = 9*i**3 + 176*i**2 - 45*i - 15. Calculate u(0).
-15
Let d(k) = -39*k**3 - 46*k**2 + 30*k - 4. Determine d(-3).
545
Let w(f) = -144*f**2 - 919*f - 49. Give w(-8).
-1913
Let v(s) = 714*s - 3583. Calculate v(4).
-727
Let n(h) = 87*h**2 + 4180*h + 429. What is n(-48)?
237
Let q(o) = o**3 - 6*o**2 - 29812*o - 119091. Give q(-4).
-3
Let d(u) = 3642*u + 40515. Determine d(-12).
-3189
Let s(q) = -248*q**2 - 2625*q - 1121. Give s(-10).
329
Let p(l) = l**3 + 130*l**2 + 167. What is p(-130)?
167
Let i(v) = 97*v + 299. Calculate i(1).
396
Let v(k) = 21*k**2 + 3*k - 55. Calculate v(-4).
269
Let a(l) = -52*l**2 + 440*l - 784. Calculate a(6).
-16
Let m(d) = 157638*d + 1103442. Give m(-7).
-24
Let l(y) = 35*y - 1053. Calculate l(38).
277
Let g(a) = 119*a**2 - 721*a - 26. Calculate g(5).
-656
Let r(c) = -8*c**2 + 2738*c - 16452. What is r(6)?
-312
Let g(k) = -420*k + 8831. What is g(21)?
11
Let w(y) = 383*y + 7144. Calculate w(-19).
-133
Let y(u) = -9*u**2 - 282*u + 68. Determine y(-34).
-748
Let x(v) = 66980*v + 1473587. Give x(-22).
27
Let f(a) = 2864*a**2 + 2759*a. Determine f(-1).
105
Let v(f) = -5*f**3 - 23*f**2 + 94*f - 9. Calculate v(-9).
927
Let n(l) = -25860*l + 4758240. Calculate n(184).
0
Let v(c) = c**3 - 18*c**2 - 248*c + 4153. Determine v(20).
-7
Let y(n) = n**3 - 8*n**2 + 9464*n - 113781. Calculate y(12).
363
Let v(p) = p**3 + 565*p**2 - 8694*p - 50. What is v(15)?
40
Let b(a) = 1646*a**2 + 26350*a - 14. Determine b(-16).
-238
Let o(l) = l**3 + 30*l**2 - 60*l - 260. What is o(-30)?
1540
Let a(z) = -z**3 - 184*z**2 + 757*z + 803. Give a(-188).
-137
Let j(r) = 17*r**2 - 163*r - 3310. What is j(-10)?
20
Let y(c) = 6*c**3 - 431*c**2 - 78*c + 245. Give y(72).
-187
Let v(q) = -99*q**3 + 596*q**2 - 15*q + 45. What is v(6)?
27
Let k(u) = 26*u**3 - 71*u**2 - 52. What is k(3)?
11
Let i(k) = -60*k**2 - 77*k + 131. Give i(2).
-263
Let n(h) = -252*h + 11678. What is n(47)?
-166
Let t(j) = -11599*j + 80975. Determine t(7).
-218
Let c(f) = -4*f**2 + 877*f - 1748. Determine c(2).
-10
Let u(f) = 158937*f - 11761375. Calculate u(74).
-37
Let i(n) = 2*n**2 + 4867*n - 27. Give i(0).
-27
Let b(d) = -d**3 - 119*d**2 + 286*d + 4301. Calculate b(-5).
21
Let n(p) = p**2 - 2223*p - 97482. What is n(-43)?
-44
Let w(d) = -2*d**3 + 109*d**2 + 137*d - 3701. Give w(55).
809
Let g(r) = -10741*r - 128128. Calculate g(-12).
764
Let x(k) = 21*k**3 - 5361*k**2 - 3851*k + 2788. Give x(256).
-28
Let a(c) = 80*c - 2725. What is a(33)?
-85
Let o(y) = 148*y - 6269. Give o(38).
-645
Let x(q) = -7985*q - 10468335. Calculate x(-1311).
0
Let x(f) = -2*f**2 - 1320*f - 216018. Determine x(-300).
-18
Let c(m) = -245*m - 33623. Give c(-137).
-58
Let f(i) = 3*i**2 + 44410*i + 488142. Determine f(-11).
-5
Let r(x) = -17407*x - 226400. What is r(-13)?
-109
Let h(k) = 1894*k - 36157. Calculate h(19).
-171
Let r(a) = -28526*a - 2681421. Calculate r(-94).
23
Let r(i) = i**2 - 105*i - 942. Determine r(113).
-38
Let i(l) = -7*l**2 + 18118*l - 36231. Calculate i(2).
-23
Let s(i) = -254*i**2 - 1826*i - 337. Determine s(-7).
-1
Let t(